me factors of 162582290?
2, 5, 13, 31, 40343
List the prime factors of 491992914.
2, 3, 7, 11714117
List the prime factors of 147127518.
2, 3, 8173751
What are the prime factors of 60473794?
2, 17, 659, 2699
List the prime factors of 6790663.
11, 617333
What are the prime factors of 133172535?
3, 5, 431, 20599
List the prime factors of 2353470252.
2, 3, 7, 1669, 16787
What are the prime factors of 408326450?
2, 5, 7, 37, 31531
List the prime factors of 5526147.
3, 11, 151, 1109
What are the prime factors of 1016289873?
3, 112921097
What are the prime factors of 4589852393?
7, 433, 216329
List the prime factors of 1912438.
2, 11, 86929
List the prime factors of 239618744.
2, 269, 111347
What are the prime factors of 4475696050?
2, 5, 7, 19, 35423
List the prime factors of 6717027668.
2, 13, 19, 6798611
List the prime factors of 176402589.
3, 11, 223, 23971
List the prime factors of 138263202.
2, 3, 7, 11, 14251
What are the prime factors of 98433785?
5, 19686757
What are the prime factors of 2897476259?
109, 607, 43793
What are the prime factors of 9617462149?
1187, 1381, 5867
What are the prime factors of 29890454?
2, 11, 17, 229, 349
List the prime factors of 314348647.
314348647
What are the prime factors of 24155123?
71, 521, 653
What are the prime factors of 90001107?
3, 7, 43, 33223
What are the prime factors of 2603645639?
7, 19, 31, 103, 6131
What are the prime factors of 112503132?
2, 3, 7, 446441
What are the prime factors of 640045198?
2, 13, 541, 45503
List the prime factors of 61983448.
2, 7747931
What are the prime factors of 2054795627?
17, 5011, 24121
What are the prime factors of 1701779267?
1701779267
What are the prime factors of 612246033?
3, 7, 51419
What are the prime factors of 66084058?
2, 1123, 29423
List the prime factors of 3048282938.
2, 1524141469
List the prime factors of 14769504.
2, 3, 51283
What are the prime factors of 115611126?
2, 3, 53, 363557
List the prime factors of 186289295.
5, 2521, 14779
What are the prime factors of 313034434?
2, 7159, 21863
List the prime factors of 8801499.
3, 7, 107, 3917
What are the prime factors of 634060966?
2, 7, 11, 4117279
List the prime factors of 1214391101.
7, 11, 167, 94439
List the prime factors of 56790274.
2, 2423, 11719
What are the prime factors of 1335117206?
2, 1553, 429851
List the prime factors of 5265789.
3, 1755263
What are the prime factors of 1818369645?
3, 5, 121224643
What are the prime factors of 864292077?
3, 11, 2521, 3463
List the prime factors of 265980484.
2, 7, 11, 71, 12163
List the prime factors of 42714984.
2, 3, 13, 79, 1733
What are the prime factors of 164242925?
5, 7, 11, 41, 2081
What are the prime factors of 480680119?
983, 488993
List the prime factors of 413462187.
3, 1583, 29021
List the prime factors of 54317201.
71, 765031
What are the prime factors of 5800829896?
2, 17, 41, 89, 11689
What are the prime factors of 77688585?
3, 5, 13, 44267
List the prime factors of 77916976.
2, 47, 103613
What are the prime factors of 5159153650?
2, 5, 7, 29, 72613
List the prime factors of 424994076.
2, 3, 13, 61, 14887
List the prime factors of 396014956.
2, 31, 127, 25147
List the prime factors of 40378377.
3, 13, 1035343
List the prime factors of 1104816432.
2, 3, 23017009
What are the prime factors of 2617938725?
5, 104717549
List the prime factors of 4146917.
4146917
What are the prime factors of 1596670657?
37, 439, 98299
What are the prime factors of 38454920?
2, 5, 7, 137339
List the prime factors of 224144051.
2239, 100109
What are the prime factors of 59151303?
3, 243421
What are the prime factors of 32108658?
2, 3, 41, 130523
What are the prime factors of 187256114?
2, 109, 769, 1117
List the prime factors of 65281317.
3, 59, 191, 1931
List the prime factors of 767332385.
5, 19, 8077183
List the prime factors of 763719111.
3, 3142877
List the prime factors of 1472611039.
29, 50779691
List the prime factors of 41653343.
137, 304039
What are the prime factors of 75262066?
2, 11, 3421003
What are the prime factors of 45306911?
13, 139, 25073
What are the prime factors of 35285676?
2, 3, 17, 172969
List the prime factors of 26902412.
2, 199, 33797
List the prime factors of 54608996.
2, 13, 157, 6689
List the prime factors of 3388280342.
2, 25523, 66377
List the prime factors of 92642475.
3, 5, 73, 16921
List the prime factors of 42808010.
2, 5, 7, 611543
What are the prime factors of 669222684?
2, 3, 13, 89, 16067
List the prime factors of 6667379.
41, 137, 1187
What are the prime factors of 198513612?
2, 3, 11, 167099
What are the prime factors of 63496539?
3, 773, 9127
List the prime factors of 5920756544.
2, 167, 553963
What are the prime factors of 1449087136?
2, 7, 19, 340481
What are the prime factors of 79090400?
2, 5, 109, 907
List the prime factors of 878769357.
3, 89, 3291271
List the prime factors of 54770909.
127, 431267
What are the prime factors of 77962661?
7, 107, 104089
List the prime factors of 112480732.
2, 7, 13, 309013
List the prime factors of 57358491.
3, 29, 647, 1019
What are the prime factors of 368528520?
2, 3, 5, 29, 105899
What are the prime factors of 64949494?
2, 41, 792067
List the prime factors of 10492231.
109, 96259
List the prime factors of 13340216.
2, 97, 17191
What are the prime factors of 133391397?
3, 239, 186041
List the prime factors of 6224032109.
6224032109
What are the prime factors of 157911457?
11, 197, 72871
What are the prime factors of 19685948?
2, 4921487
List the prime factors of 20298109.
13, 1561393
List the prime factors of 436050784.
2, 13, 139, 7541
What are the prime factors of 1650263?
1650263
What are the prime factors of 1699608710?
2, 5, 19, 8945309
List the prime factors of 108411558.
2, 3, 23, 785591
What are the prime factors of 90732471?
3, 571, 52967
List the prime factors of 132356784.
2, 3, 7, 393919
What are the prime factors of 460509026?
2, 230254513
List the prime factors of 314441713.
127, 773, 3203
List the prime factors of 29802035.
5, 2131, 2797
What are the prime factors of 34866069?
3, 7, 1660289
What are the prime factors of 82056283?
29, 2829527
List the prime factors of 2635842789.
3, 97, 335477
List the prime factors of 144556944.
2, 3, 7, 211, 2039
List the prime factors of 2469976032.
2, 3, 25728917
List the prime factors of 6505491177.
3, 722832353
What are the prime factors of 1842725270?
2, 5, 23, 8011849
List the prime factors of 42284879.
7, 13, 23, 89, 227
What are the prime factors of 2032145474?
2, 1016072737
List the prime factors of 2191908835.
5, 1663, 263609
What are the prime factors of 352376918?
2, 17, 10364027
What are the prime factors of 244646040?
2, 3, 5, 2038717
List the prime factors of 499507522.
2, 43, 5808227
List the prime factors of 1034861173.
149, 2381, 2917
What are the prime factors of 41849634?
2, 3, 6974939
List the prime factors of 8779919.
19, 137, 3373
What are the prime factors of 63324615?
3, 5, 4221641
What are the prime factors of 43472686?
2, 2749, 7907
List the prime factors of 8356814266.
2, 433, 9649901
List the prime factors of 2838133515.
3, 5, 7, 43, 193, 3257
List the prime factors of 205345450.
2, 5, 383, 10723
List the prime factors of 310745473.
79, 587, 6701
List the prime factors of 2350578338.
2, 17, 163, 424139
List the prime factors of 70668413.
70668413
What are the prime factors of 409526105?
5, 127, 644923
What are the prime factors of 92117154?
2, 3, 349, 43991
List the prime factors of 98754746.
2, 43, 1148311
What are the prime factors of 9482309?
67, 307, 461
List the prime factors of 1375583716.
2, 13, 373, 70921
What are the prime factors of 399931617?
3, 133310539
List the prime factors of 55786946.
2, 101, 276173
What are the prime factors of 103508048?
2, 7, 19, 127, 383
What are the prime factors of 7179271923?
3, 19, 313, 402403
List the prime factors of 164553336.
2, 3, 17, 41, 1093
What are the prime factors of 67390709?
67390709
List the prime factors of 416566601.
11, 41, 149, 6199
What are the prime factors of 4919089?
7, 53, 13259
List the prime factors of 212294.
2, 179, 593
What are the prime factors of 37684015?
5, 97, 77699
What are the prime factors of 256784635?
5, 71, 723337
What are the prime factors of 144410506?
2, 72205253
What are the prime factors of 652851268?
2, 16